245 and 299.
13
What is the greatest common factor of 317870 and 595?
35
What is the greatest common factor of 3948 and 10716?
564
What is the highest common factor of 24546 and 6?
6
What is the greatest common divisor of 72780 and 230?
10
What is the greatest common divisor of 1326 and 252382?
442
What is the greatest common divisor of 10935 and 240?
15
What is the greatest common factor of 8717 and 11569?
23
Calculate the greatest common factor of 20 and 13458080.
20
What is the greatest common factor of 275 and 9985?
5
Calculate the highest common factor of 1380 and 293388.
276
What is the greatest common factor of 63816 and 64?
8
Calculate the highest common factor of 191820 and 414.
138
What is the greatest common divisor of 2841045 and 37?
37
What is the highest common divisor of 47216 and 8?
8
Calculate the highest common divisor of 101499 and 69.
69
What is the highest common divisor of 552 and 863972?
92
Calculate the highest common factor of 1038 and 1998669.
519
Calculate the greatest common divisor of 1806390 and 90.
90
What is the greatest common divisor of 1170 and 142428?
78
Calculate the greatest common factor of 11956 and 441.
49
What is the greatest common factor of 186 and 2072505?
93
What is the greatest common divisor of 34504 and 342?
38
What is the greatest common factor of 14394 and 6?
6
What is the highest common factor of 36 and 2242?
2
What is the greatest common factor of 350 and 10050?
50
Calculate the greatest common divisor of 1077 and 3.
3
Calculate the highest common divisor of 16 and 1736864.
16
What is the greatest common factor of 1612313 and 116?
29
Calculate the greatest common divisor of 109344 and 102816.
1632
Calculate the greatest common factor of 18491 and 5412.
451
What is the highest common factor of 14362 and 215?
43
What is the greatest common factor of 264 and 709698?
66
Calculate the greatest common divisor of 10262 and 189.
7
Calculate the highest common factor of 562981 and 772.
193
What is the greatest common factor of 128948 and 8?
4
What is the highest common divisor of 216 and 4872?
24
Calculate the highest common factor of 40095 and 55.
55
Calculate the highest common divisor of 7595 and 51863.
217
Calculate the greatest common factor of 11515 and 7661.
47
What is the highest common factor of 65073 and 12?
3
Calculate the highest common divisor of 1901356 and 148.
148
Calculate the highest common divisor of 2656 and 2304.
32
Calculate the greatest common factor of 1478 and 32.
2
Calculate the greatest common factor of 39 and 198939.
39
What is the greatest common divisor of 30 and 1794?
6
What is the greatest common divisor of 124 and 1829?
31
What is the highest common factor of 171 and 265221?
171
What is the greatest common divisor of 126 and 393183?
63
What is the greatest common factor of 199227 and 1219?
53
Calculate the greatest common factor of 518545 and 411.
137
Calculate the highest common divisor of 12 and 393474.
6
What is the greatest common divisor of 348 and 11292?
12
Calculate the highest common divisor of 176 and 3135.
11
What is the greatest common factor of 680 and 882300?
340
Calculate the highest common divisor of 33 and 730774.
11
Calculate the highest common factor of 154815 and 25.
5
What is the highest common factor of 6396 and 55596?
492
Calculate the highest common divisor of 3720 and 66030.
930
What is the highest common divisor of 247325 and 650?
325
Calculate the highest common factor of 23004 and 72.
36
What is the highest common divisor of 1 and 195?
1
What is the highest common factor of 1170498 and 174?
174
What is the greatest common divisor of 21285 and 39?
3
What is the highest common factor of 474 and 205242?
474
What is the greatest common divisor of 144 and 41892?
12
What is the greatest common divisor of 308 and 32494?
154
Calculate the highest common divisor of 3536 and 286.
26
What is the highest common factor of 52 and 648583?
13
What is the highest common divisor of 2916 and 33696?
324
Calculate the highest common divisor of 705 and 59079.
141
Calculate the highest common divisor of 97276 and 3652.
332
What is the greatest common divisor of 3404 and 38870?
46
Calculate the greatest common divisor of 6394023 and 782.
391
Calculate the highest common divisor of 1246 and 98968.
178
What is the highest common factor of 215136 and 3024?
432
What is the highest common divisor of 225 and 105075?
225
Calculate the highest common divisor of 996 and 83498.
166
Calculate the greatest common factor of 68 and 985439.
17
What is the highest common divisor of 23954 and 8178?
58
What is the greatest common divisor of 54 and 4239?
27
Calculate the greatest common factor of 24 and 44904.
24
Calculate the highest common divisor of 8190 and 813330.
630
Calculate the highest common divisor of 7742 and 5056.
158
What is the highest common divisor of 56 and 1384866?
14
What is the greatest common factor of 7 and 3042865?
7
Calculate the greatest common factor of 27 and 1523.
1
What is the highest common divisor of 960 and 1024?
64
What is the highest common divisor of 372820 and 4060?
140
Calculate the greatest common factor of 1369 and 4545080.
1369
Calculate the highest common factor of 37527 and 525.
21
What is the greatest common divisor of 3981562 and 26?
26
Calculate the highest common factor of 4965960 and 348.
348
Calculate the highest common factor of 2024 and 12936.
88
Calculate the highest common factor of 885 and 2115.
15
Calculate the highest common divisor of 35 and 1096165.
35
What is the highest common divisor of 4144 and 15799?
259
What is the highest common divisor of 21684 and 312?
156
What is the greatest common divisor of 79656 and 24?
24
Calculate the highest common divisor of 92 and 1756.
4
Calculate the greatest common factor of 1295 and 6685.
35
Calculate the highest common divisor of 23340 and 30.
30
Calculate the highest common divisor of 533822 and 178.
178
Calculate the highest common factor of 263694 and 1704.
426
What is the highest common factor of 580 and 551?
29
Calculate the greatest common divisor of 104 and 2048.
8
Calculate the highest common factor of 3681 and 36.
9
Calculate the greatest common divisor of 28330 and 2400.
10
Calculate the greatest common divisor of 457255 and 545.
545
Calculate the greatest common factor of 20800 and 267280.
1040
What is the greatest common factor of 28704 and 1242?
138
Calculate the highest common factor of 121 and 11785037.
121
What is the highest common factor of 103200 and 12300?
300
Calculate the greatest common divisor of 529 and 78016.
23
What is the greatest common divisor of 2864 and 33652?
716
Calculate the greatest common factor of 490 and 80.
10
Calculate the highest common factor of 831441 and 312.
39
What is the greatest common divisor of 37 and 1262699?
37
Calculate the highest common factor of 13673 and 1017.
113
Calculate the highest common factor of 5515475 and 175.
175
Calculate the highest common factor of 5356 and 3120.
52
Calculate the highest common divisor of 36 and 110448.
36
Calculate the highest common factor of 15 and 52779.
3
Calculate the greatest common divisor of 152592 and 624.
48
What is the greatest common divisor of 7900 and 38710?
790
Calculate the highest common divisor of 66135 and 120.
15
What is the highest common divisor of 22712632 and 1028?
1028
What is the highest common divisor of 260270 and 510?
170
Calculate the highest common divisor of 5214 and 4026.
66
Calculate the highest common factor of 25494 and 84.
42
What is the highest common divisor of 552 and 1448448?
552
What is the highest common divisor of 1615 and 1036830?
1615
What is the greatest common divisor of 8441 and 736?
23
Calculate the highest common divisor of 63975 and 225.
75
What is the greatest common factor of 1184 and 32?
32
What is the greatest common divisor of 420437 and 709?
709
What is the greatest common divisor of 379544 and 266?
38
Calculate the greatest common factor of 584864 and 245.
49
Calculate the greatest common factor of 120 and 824760.
120
What is the highest common divisor of 67721 and 281?
281
What is the greatest common divisor of 122122 and 462?
154
Calculate the highest common divisor of 5019518 and 6009.
2003
What is the highest common divisor of 84774